3*g**2 + 1. Let n be o(1). Suppose n*x - x - 36 = 0. Let v(u) = x*u + 8*u - 19*u + 1. What is v(-4)?
-3
Let p(q) = 15*q**3 - 21*q**2 + 19*q - 25. Let f(i) = 7*i**3 - 10*i**2 + 9*i - 12. Let x(a) = -13*f(a) + 6*p(a). Determine x(4).
-6
Suppose 3*c + 4*k = 2*c + 19, 0 = -4*k + 16. Suppose 5*n - 11 = b - 31, -c*b + 5*n + 30 = 0. Let f(g) = -g - 6 - 5*g + 4*g + g. What is f(b)?
-11
Let a(x) = -x**2 - 18*x - 13. Let o be a(-17). Let i(k) = 3*k - 4*k - 8 + 4*k - o*k. Determine i(7).
-15
Let c(i) = 163*i**2 - 76*i**2 - 84*i**2 + 3*i - i**3. Determine c(4).
-4
Let r(c) be the second derivative of c**5/40 - c**4/4 + 3*c**3 - 14*c. Let q(g) be the second derivative of r(g). Give q(4).
6
Suppose x - 1 = 4. Let c be (-5)/(-15) + x/3. Let l(s) = 0*s + 3 - 5*s + 0*s**2 + 3*s - s**c. Determine l(-3).
0
Let w(x) be the second derivative of -x**5/20 + x**4/6 - x**3/6 - 8*x. Let b be -11 + 15 + 1/(-1). Calculate w(b).
-12
Suppose 4*x = -4*d + 128, 3*x - 84 = 4*d - 16. Let n = x - 28. Let z(b) = -b**2 + b + 9. What is z(n)?
9
Let t(p) = 5*p - 28. Suppose 0 = 375*m - 395*m + 140. Give t(m).
7
Let q be ((-145)/20)/(-1) - 2/8. Let c(j) = -8*j + q*j**2 - 7 - 99*j**3 + 98*j**3 + 3*j. Determine c(6).
-1
Let v(a) = -a**3 + 7*a**2 - 8*a + 8. Let i be -15 + 20 - 0/(-1). Suppose 0*s - 4*s - 38 = -i*u, -4*s = -3*u + 26. What is v(u)?
-4
Let w = 161 - 162. Let r(u) = 8*u + 6. Let o(p) = 4*p - 6*p - 5 - 5*p. Let a(n) = 5*o(n) + 4*r(n). What is a(w)?
2
Let l(k) = k**2 - 11*k + 8. Let v be l(9). Let r = v + 11. Let q(d) be the third derivative of d**5/60 - d**3/6 + d**2. Determine q(r).
0
Let w(l) = l - 12. Let u = -13 + 16. Suppose 5*g - 22 = u*g. Let i be w(g). Let m(k) = 4*k**3 + k**2 - k - 1. What is m(i)?
-3
Let i(q) be the second derivative of -15*q**4/4 - q**3/6 - q**2/2 - 169*q. Give i(-1).
-45
Let r = 52 + -44. Let c(o) = o**3 - 7*o**2 - 10*o + 24. Let v be c(r). Let h(i) = i**2 - 7*i - 1. Determine h(v).
7
Let p(b) = 3*b**2 + 38*b - 33. Let n(i) = 18*i**2 + 11 - 5*i**2 - 10*i**2 - 13*i - 4*i**2. Let u(f) = 17*n(f) + 6*p(f). Calculate u(-8).
-3
Let c be (399/532)/(2/(-32)). Let t(w) be the first derivative of w**2/2 + 18*w + 1. Calculate t(c).
6
Let c(a) be the first derivative of 1/3*a**3 - a**2 - 5*a - 1. Suppose 114 + 115 = z + 225. What is c(z)?
3
Let w = 18 + -20. Let n(o) = -4*o**3 + o**2 + o - 1. Let r(z) = -25*z**3 + 2*z**2 + 4*z - 6. Let v(u) = -6*n(u) + r(u). What is v(w)?
-4
Let b(o) = -o**2 - 2*o - 5. Suppose 0 = 446*u - 458*u - 48. Give b(u).
-13
Let i(w) be the second derivative of -w**5/20 - 11*w**4/12 - 11*w**3/6 - 9*w**2/2 - 100*w. Give i(-10).
1
Let j(r) = 2*r + 10. Suppose -6*i + 20 = -i. Suppose 36 = -i*v + z, 0 = -v - 2*z - 0*z. Determine j(v).
-6
Let w(z) = 0*z + 8 - 4 + 0 + 9 + z. Determine w(-18).
-5
Suppose 4*x = -a + 13, -5*x - 6*a = -10*a - 11. Let k(t) = -5*t + 6. What is k(x)?
-9
Let c(l) = -127*l - 3563. Let a be c(-28). Let w = 0 - -1. Let q(i) = -5 - w + 0*i - i. Give q(a).
1
Suppose -5*l = -4*g + 5 + 15, 5*l = 3*g - 15. Let q(u) = -1 - 6 + 6 + l - 2*u. Determine q(-2).
3
Let h(z) be the third derivative of -z**4/24 - z**3/3 + z**2. Let x be 28/(-168) + (1 - (-139)/6). Let d be (-3)/(36/57) + 18/x. Give h(d).
2
Let i(o) = 894 - 440 - 8*o - 450. Calculate i(2).
-12
Let l(g) = -2*g - 3. Let m(a) = -a**2 - 18*a + 8. Let h be m(-18). Let o = 4 - 2. Suppose -6*p + o*p = -3*k + h, -2*p = k + 4. Give l(p).
1
Suppose 44 = 11*r - 7*r. Let o(f) = -f**3 + 10*f**2 + 10*f + 15. Let l be o(r). Suppose -9*v = -l*v - 5. Let c(d) = 17*d**3 - d**2 + d - 1. Give c(v).
16
Suppose p + 9 = 3*s, -3*p - 5*s + 3*s = 5. Let y(j) = j**3 - j**2 - 2*j - 2. Give y(p).
-32
Suppose -3*q = -3 - 12. Let y(u) be the second derivative of -u**5/20 + u**4/4 + 7*u**3/6 + 44*u. Determine y(q).
-15
Let d be -3 + 3/((-6)/(-16)). Suppose 0 = g + 4*g - d. Let c(h) be the second derivative of -h**4 + h**3/3 - h**2/2 - 2*h. Determine c(g).
-11
Let q(m) be the second derivative of -5 + m**3 - 1/12*m**4 + 3*m**2 + 5*m. Calculate q(5).
11
Let s(i) be the third derivative of -i**4/3 + i**3/6 - 20*i**2. What is s(-2)?
17
Let f(c) = 182*c - c**3 + c**2 + 9 - 182*c. Give f(0).
9
Let b(h) be the second derivative of -3*h - 3/2*h**2 + 1/6*h**3 - 1/12*h**4 + 0. Calculate b(0).
-3
Let b(u) be the third derivative of u**5/60 - u**4/12 - u**3/6 + 3*u**2. Let v be b(3). Let w(i) = -5*i + 3. What is w(v)?
-7
Let i(u) = u**3 + 3*u**2 + u + 5. Let t = -36 + 32. What is i(t)?
-15
Let f(v) = -12*v**2 - 3*v**3 + 2*v**3 + 2*v**3 + 47 - 54 + 7*v. Let y(k) = -k**3 + 11*k**2 - 7*k + 6. Let l(q) = -4*f(q) - 5*y(q). Determine l(6).
4
Suppose 288 = 55*v - 97. Let q(s) = -s**2 - 5*s + 4. Let r(k) = -3*k**2 - 9*k + 8. Let w(g) = 5*q(g) - 2*r(g). Calculate w(v).
4
Let g(f) = 4*f - 25. Suppose -4*a + 29 = -d, -5*d - 12 = -2*a + a. Calculate g(a).
3
Let u(q) = 3*q**3 - 12*q**2 + 3*q + 9. Let z(h) = 8*h**3 - 23*h**2 + 7*h + 18. Let k(f) = -5*u(f) + 2*z(f). Give k(-14).
5
Let o be 0*5/(-10) - -8. Suppose -4 - o = -6*x. Let c(t) = -2*t**3 + 3*t**2 - t + 2. Determine c(x).
-4
Let u(w) = -4*w + 11*w**2 - 3*w + 6*w + 0*w. What is u(-1)?
12
Let y be ((-6 - 4)/5)/(0 + -2). Let j be (30/4 - y)*66/(-33). Let v(h) = h**3 + 13*h**2 - h - 8. Determine v(j).
5
Let j(c) = -3*c - 108. Let x be j(-38). Let b(m) be the third derivative of 0*m + 0 - 7/24*m**4 + 5*m**2 - 1/120*m**x + m**3 + 7/60*m**5. Calculate b(6).
0
Let u(w) = w**3 - 3*w**2 + 4. Let s = 1443 - 1440. Determine u(s).
4
Let p(a) be the first derivative of 9*a**4/4 - a**3/3 - a**2/2 - 3. Let s(q) = q - 14. Let y be s(13). What is p(y)?
-9
Suppose -q = 3*q + x - 19, 5*q - 29 = 4*x. Let i(h) = 6 + 4 - h**2 - 4 + 3*h. Give i(q).
-4
Suppose 3*t - 15 = 3*s, t + 18 = -4*s + 4*t. Let a(x) = x + 3239 - 1636 + x**3 - 1606 + 3*x**2. What is a(s)?
-6
Let h be 5 - (-9 + (2 - -6)). Let x(k) = k**3 - 5*k**2 - 6*k + 4. What is x(h)?
4
Suppose -6 - 9 = x - 2*j, 0 = 4*x + j + 15. Let w(c) = 11*c + 13 + 5*c**2 + 17 - 25 - 9*c + c**3. Calculate w(x).
-5
Let t(d) = d**3 + 4*d**2 - 2*d - 5. Let s = -31 - -36. Suppose -3*x + x = 3*p + 7, -4*p = 4*x + 8. Suppose -21 = s*z - x. Give t(z).
3
Let y(l) = -95*l + 47. Let c(q) = -34*q + 16. Let h(b) = -11*c(b) + 4*y(b). What is h(2)?
0
Let m be 6 - (-128)/(-24) - (-74)/6. Let c(o) = -o**2 + 13*o - 11. Give c(m).
-11
Let p(o) = o**2 + 7*o + 2. Suppose -16*b + 19*b = 0. Suppose b = -3*j - 18. Determine p(j).
-4
Let r be (-76)/19 - (-1 - 1 - -7). Let p(x) = -x**3 - 8*x**2 + 8*x + 1. Determine p(r).
10
Let f(k) = -4*k**2 + 1116 + 2*k**3 + 5*k - 2*k**2 - 3*k**3 - 1115. Determine f(-7).
15
Suppose 2*t - t = 4. Let r(k) = 2 - 2*k - t*k + 1 - 4. Give r(2).
-13
Let p(a) = -5*a + 2. Let s(g) = g**2 - 12*g + 15. Let d be s(10). Let w(k) = -4*k + 2. Let o(y) = d*p(y) + 6*w(y). Let x = -6 + 5. Give o(x).
1
Let m(s) be the second derivative of 0 + 1/12*s**4 + s**3 - 3*s + 5/2*s**2. Determine m(-7).
12
Let i be 1/(3/2 - 1). Let j(o) = -3 - o**3 - 2*o + 0 - 4*o**i + 1. Suppose 0 = -27*w - 33*w - 180. What is j(w)?
-5
Suppose 0 = -2*s - 1 - 41. Let f = s - -24. Let o(c) = c**2 + 2. Determine o(f).
11
Let x(y) = 9*y**3 + 4*y + 3. Let m(w) = -26*w**3 - 11*w - 8. Let o(p) = -4*m(p) - 11*x(p). Let f(u) = u**2 + 8*u + 15. Let d be f(-4). What is o(d)?
-6
Let g be 2/(0 - (-3)/6). Let c(d) = 6*d - g*d - 4*d. Let y(b) = b**2 - 7*b + 6. Let q be y(4). Determine c(q).
12
Let j(k) = k**2 + k - 24. Let d = -70 + 64. Let m be j(d). Let f(x) = x - 7. What is f(m)?
-1
Let n(y) = y**3 + 11*y**2 + 10*y + 11. Let g = 264 + -274. Calculate n(g).
11
Let w(z) = -z**3 + 5*z**2 - z + 7. Let h(b) = -b**2 + 5*b - 14. Let y be h(6). Let v be (y/4)/(-10)*10. What is w(v)?
2
Let v(c) = -c**2 + 3*c + 27. Let o(a) = 2*a**2 - 6*a - 57. Let t(j) = 6*o(j) + 13*v(j). What is t(5)?
-1
Let a(o) = -29*o - 3. Let h(l) = 24*l + 2. Let j(s) = -5*a(s) - 6*h(s). Suppose -7 = -4*r - 51. Let y = r - -8. Determine j(y).
0
Let q(p) = -p**2 + 7*p - 4. Suppose 1197*r - 1199*r + 14 = 0. Give q(r).
-4
Let n(l) = 4*l - 20. Let p(u) = 3*u - 4. Let r(v) = n(v) - p(v). Determine r(24).
8
Let h = -3 - -6. Suppose h*s + 8 = -4. Let n(g) = g**3 + 5*g**2 + 5*g + 5. What is n(s)?
1
Suppose 5*w - 28 = -13. Let f(l) = -18*l - w*l + 22*l. Calculate f(-7).
-7
Let b(c) = -c**2 - 9*c + 4. Suppose -2*g + 4*f - 18 = 0, 2*f